{"id":31,"date":"2018-06-04T07:40:51","date_gmt":"2018-06-04T07:40:51","guid":{"rendered":"http:\/\/www.point-du-jour.ch\/pointdujour\/?page_id=31"},"modified":"2025-11-15T08:16:03","modified_gmt":"2025-11-15T08:16:03","slug":"accueil","status":"publish","type":"page","link":"https:\/\/www.point-du-jour.ch\/pointdujour\/","title":{"rendered":"Bienvenue au Point du Jour !"},"content":{"rendered":"\n<p class=\"has-normal-font-size\">Reconnus comme \u00abatelier adapt\u00e9\u00bb, nous accueillons de 10 \u00e0 15 personnes en situation de handicap mental et\/ou pr\u00e9sentant des troubles de comportement \u00e0 temps complet ou partiel selon la demande des parents ou r\u00e9pondants (institutions diverses).<\/p>\n\n\n<div class=\"wp-block-image is-resized\">\n<figure class=\"aligncenter size-full\"><img loading=\"lazy\" decoding=\"async\" width=\"4040\" height=\"2828\" src=\"https:\/\/www.point-du-jour.ch\/pointdujour\/wp-content\/uploads\/2018\/10\/24.jpg\" alt=\"\" class=\"wp-image-197\" srcset=\"https:\/\/www.point-du-jour.ch\/pointdujour\/wp-content\/uploads\/2018\/10\/24.jpg 4040w, https:\/\/www.point-du-jour.ch\/pointdujour\/wp-content\/uploads\/2018\/10\/24-300x210.jpg 300w, https:\/\/www.point-du-jour.ch\/pointdujour\/wp-content\/uploads\/2018\/10\/24-768x538.jpg 768w, https:\/\/www.point-du-jour.ch\/pointdujour\/wp-content\/uploads\/2018\/10\/24-700x490.jpg 700w\" sizes=\"auto, (max-width: 4040px) 100vw, 4040px\" \/><\/figure><\/div>\n\n\n<p class=\"has-normal-font-size\">Nous attachons de l\u2019importance sur l\u2019entraide et la participation de tous aux nombreuses t\u00e2ches quotidiennes en essayant de donner \u00e0 chacun en particulier, selon ses possibilit\u00e9s et son d\u00e9sir, une responsabilit\u00e9 et une autonomie.<\/p>\n\n\n\n<p class=\"has-normal-font-size\">Les divers ateliers, cuir, laine feutr\u00e9e, poterie, cuisine, jardinage, etc. &#8230; sont ouverts du lundi au vendredi de 8h \u00e0 17h.<\/p>\n\n\n\n<p class=\"has-normal-font-size\">Nous sommes ouverts aux contacts avec l\u2019ext\u00e9rieur et, dans ce but, nous invitions les personnes qui le d\u00e9siraient \u00e0 partager nos repas de midi les vendredis contre une petite participation financi\u00e8re mais avec la pand\u00e9mie, <strong>nous avons suspendu ces repas jusqu&rsquo;\u00e0 ce que la situation s&rsquo;y pr\u00eate \u00e0 nouveau<\/strong>. <\/p>\n\n\n\n<p class=\"has-normal-font-size\">Au cours de l\u2019ann\u00e9e des moments festifs sont organis\u00e9s&nbsp;: f\u00eate des cr\u00eapes (confections de masques), repas de l\u2019automne, f\u00eate de l\u2019\u00e9t\u00e9 et de No\u00ebl \u00e0 l\u2019occasion desquelles une exposition-vente des objets&nbsp; cr\u00e9\u00e9s dans les ateliers est organis\u00e9e.<\/p>\n","protected":false},"excerpt":{"rendered":"<p>Reconnus comme \u00abatelier adapt\u00e9\u00bb, nous accueillons de 10 \u00e0 15 personnes en situation de handicap mental et\/ou pr\u00e9sentant des troubles de comportement \u00e0 temps complet ou partiel selon la demande des parents ou r\u00e9pondants (institutions diverses). Nous attachons de l\u2019importance sur l\u2019entraide et la participation de tous aux nombreuses t\u00e2ches quotidiennes en essayant de donner &hellip; <a href=\"https:\/\/www.point-du-jour.ch\/pointdujour\/\" class=\"more-link\">Continuer la lecture de <span class=\"screen-reader-text\">Bienvenue au Point du Jour !<\/span><\/a><\/p>\n","protected":false},"author":1,"featured_media":0,"parent":0,"menu_order":0,"comment_status":"closed","ping_status":"closed","template":"","meta":{"footnotes":""},"class_list":["post-31","page","type-page","status-publish","hentry"],"_links":{"self":[{"href":"https:\/\/www.point-du-jour.ch\/pointdujour\/wp-json\/wp\/v2\/pages\/31","targetHints":{"allow":["GET"]}}],"collection":[{"href":"https:\/\/www.point-du-jour.ch\/pointdujour\/wp-json\/wp\/v2\/pages"}],"about":[{"href":"https:\/\/www.point-du-jour.ch\/pointdujour\/wp-json\/wp\/v2\/types\/page"}],"author":[{"embeddable":true,"href":"https:\/\/www.point-du-jour.ch\/pointdujour\/wp-json\/wp\/v2\/users\/1"}],"replies":[{"embeddable":true,"href":"https:\/\/www.point-du-jour.ch\/pointdujour\/wp-json\/wp\/v2\/comments?post=31"}],"version-history":[{"count":17,"href":"https:\/\/www.point-du-jour.ch\/pointdujour\/wp-json\/wp\/v2\/pages\/31\/revisions"}],"predecessor-version":[{"id":585,"href":"https:\/\/www.point-du-jour.ch\/pointdujour\/wp-json\/wp\/v2\/pages\/31\/revisions\/585"}],"wp:attachment":[{"href":"https:\/\/www.point-du-jour.ch\/pointdujour\/wp-json\/wp\/v2\/media?parent=31"}],"curies":[{"name":"wp","href":"https:\/\/api.w.org\/{rel}","templated":true}]}}